nits digit of o?
4
Let x(u) = u. Let w be x(-12). Let d = 1 - w. What is the units digit of d?
3
Suppose 2045*t - 20332 = 2028*t. What is the units digit of t?
6
Let q(o) = o - 13. Let n be q(13). Let b(s) = 3*s + 242. What is the hundreds digit of b(n)?
2
Let p(n) = 2*n + 1. Let d be p(-3). Let o(h) be the second derivative of h**5/20 + 5*h**4/12 - h**3/3 + 3*h**2 - 13*h - 4. What is the tens digit of o(d)?
1
Suppose -4*p = x + 22, -3*x - 2*x + 2*p - 44 = 0. Let j be 24/30 - 702/x. Let y = 110 - j. What is the tens digit of y?
3
What is the hundreds digit of -78*314/(-28) + (-2)/(-7)?
8
Let x = 239 + 935. What is the hundreds digit of x?
1
Let v(m) = m**2 - 7*m - 14. Let q be v(11). Let u(k) = k**2 + 10*k + 5. Let s be u(-10). Suppose 0 = s*d - q - 0. What is the units digit of d?
6
Let o(z) = -z**2 + 4*z - 1. Let b be o(5). Let m(w) be the first derivative of w**2/2 + 12*w + 6. What is the units digit of m(b)?
6
Let b(a) = -a**2 + 12*a - 12. Let x be b(11). Let p = x + 3. Suppose 0 = p*t - 75 - 5. What is the tens digit of t?
4
Let r(x) = -x**3 - 14*x**2 + 16*x - 65. What is the units digit of r(-16)?
1
Suppose 0 = 2*v - 154 - 386. Suppose 0 = -5*o - 45 + v. What is the tens digit of o?
4
Let m(k) = 486*k**3 - k + 2. Let g be m(2). Let s be 1/(-5) - g/(-40). Suppose -2*l + s = -23. What is the units digit of l?
0
Suppose -14 + 7 = -r. Suppose r*m = 5*m, 0 = 4*z + 5*m - 564. What is the hundreds digit of z?
1
Let m(q) be the first derivative of q**3/3 - q**2/2 - 6*q - 25. What is the units digit of m(-7)?
0
Let j = -590 + 3289. What is the units digit of j?
9
Let o be 30 - 3/(6/4). Let z(h) = h**3 - 18*h**2 + 14*h + 57. Let x be z(17). Let s = x + o. What is the tens digit of s?
3
Let o(b) be the second derivative of -b**5/20 - 19*b**4/12 - 4*b**3/3 - 3*b**2 - 26*b. What is the hundreds digit of o(-19)?
1
Let d(s) = 7*s**2 - 2*s + 1. Let o be d(1). Let k(b) be the third derivative of b**4/12 + b**3 + b**2. What is the units digit of k(o)?
8
Suppose 0 = -j + 10. Let o(k) be the second derivative of k**3/2 - 3*k**2 - 30*k. What is the units digit of o(j)?
4
Suppose 2*c - c + 5*y - 1943 = 0, 5*y = -3*c + 5879. What is the hundreds digit of c?
9
Let y(n) = 299 - 593 - 18*n + 294. What is the tens digit of y(-1)?
1
Let h = 13 + -22. What is the units digit of (-171)/(-2)*(-6)/h?
7
Let g(w) = 0*w - 5*w + w**3 + 12*w**2 + 22 - 7*w + 13*w. What is the tens digit of g(-12)?
1
Let r be (-2 + 14/3)/((-9)/(-27)). Suppose x - r - 3 = s, -s = -4*x + 41. What is the units digit of x?
0
Let n(h) = 28*h**2. Let d be n(-1). Suppose 3*g = -2*q + 8 - 24, -3*g = q + 11. Let v = d + q. What is the units digit of v?
3
What is the units digit of ((-6)/5)/((-102)/281265)?
9
Suppose -5*u + 5*d = 2*u - 32623, -5*d + 18681 = 4*u. What is the tens digit of u?
6
Let c be (-8)/8 + 2/2. Suppose 2*o + 2*f - 28 - 72 = c, o = -5*f + 58. What is the tens digit of o?
4
Let x(s) = s**3 + 11*s**2 + 10*s - 10. Let o be x(-10). Let t be 270/(-14) - (-4)/14. Let m = o - t. What is the units digit of m?
9
Let h(y) = -15*y - 9. Let z be h(5). Let o = -51 - z. What is the tens digit of o?
3
Let b = 520 - 320. Suppose -9*w + 4*w = b. What is the units digit of (4 + (-52)/10)*w?
8
Suppose -4*y = a - 49, 2*y = 4*a + 6*y - 148. Let g = a - -105. What is the tens digit of g?
3
Suppose q - 10 = -2*i, -5*q = 3*i - 4*i - 6. Suppose -q*j = -5*d + j + 450, 0 = 3*d + 2*j - 270. What is the tens digit of d?
9
Let f = 709 - -1131. What is the hundreds digit of f?
8
Suppose -2*g + 0*g = -10. Suppose g*k - 128 = 2*j, -k - 11 = -j - 36. What is the tens digit of k?
2
Let w be (688/8)/((-2)/(-5)). Suppose 0*g - 3*x = 5*g + w, -4*g - 2*x - 170 = 0. Let h = -27 - g. What is the units digit of h?
3
Let v be (-30)/9*54/(-12). Suppose -4*d + 3*s = v, -2*d - 2*d - 10 = -2*s. Suppose c + 5 - 51 = d. What is the units digit of c?
6
Suppose 0 = -3*p - 2*p + 10. Suppose 0 = 6*x - p*x - 48. What is the units digit of x?
2
Let w(o) = -2*o**3 - 2*o**2 + 3*o - 3. Let d be w(-3). Suppose -26*p = -d*p - 122. What is the units digit of p?
1
Let g = 81 + -49. Suppose -g = 2*x - 118. What is the units digit of x?
3
What is the tens digit of (0 - -1) + (-1956)/(-6)?
2
Suppose -3 = 3*j - 2*q - 30, 0 = 4*j + 2*q - 50. Let c = j + 30. What is the units digit of c?
1
Suppose -p + 0*p = -3. Suppose 6*k - 99 = p*k. What is the tens digit of k?
3
Suppose -5*y - 61 = -71. Suppose v + 1 = 4. Suppose -y*x - 3*x = 4*t - 169, 5*t + 94 = v*x. What is the units digit of x?
3
Let g(s) = 112*s**2 + 3*s. Let j be g(-2). Suppose 4*r - j - 77 = -5*d, 3*r - 2*d = 395. What is the units digit of r?
1
Let a = -1490 - -2156. What is the tens digit of a/15*(-50)/(-15)?
4
What is the units digit of 1232/3 + -2 - (-18)/54?
9
Let x(a) = -a**3 + 4*a**2 - a + 12. Let q = 31 - 26. Let k be x(q). Let g = k + 30. What is the units digit of g?
2
Let x be 35/(-2 + 3) - -3. Suppose 0 = -5*q + x + 22. Suppose -2*i + 40 = q. What is the tens digit of i?
1
Suppose 2*o + l = 8, -6*o + o + 2*l = -38. Let j be ((-9)/(-6))/((-3)/o). Let s(h) = -2*h**3 - 2*h**2 - 4. What is the tens digit of s(j)?
3
Let l = -177 + 415. What is the units digit of l?
8
Let b(r) = -2*r + 1. Let t be b(2). Let y be (-38)/(-3)*t/(-2). Suppose y = 4*q - 3*q. What is the tens digit of q?
1
Suppose 14*u = 12*u + 116. What is the units digit of u?
8
Let k(r) = 3318*r + 225. What is the tens digit of k(1)?
4
Suppose 0 = 6*r - r - 10. Suppose 0 = -2*g - 2*a + 6, -r*g + 2*a = -g - 3. What is the tens digit of (1/g)/(10/810)?
2
Let k = -2 - -5. Suppose -4*f - 817 = -k*u, 1106 = 4*u - 0*u + 3*f. Suppose -6*b = 35 - u. What is the units digit of b?
0
Let r = -592 + 1592. What is the units digit of r?
0
Suppose 4*s + 8 = 24. Suppose 2*j - s = -3*p + 8, 5*p = 4*j + 20. Suppose -33 = -3*v + 3*b - 0, j = -4*v - b + 49. What is the units digit of v?
2
Let p(o) = o**2 - 7*o + 6. Suppose 29 = 4*c + a, -4*c - 35 = 5*a - 84. Let t be p(c). Suppose t = -6*j + 3*j + 81. What is the units digit of j?
7
Suppose 3 = 11*z - 14*z, 3*g + 4*z - 2504 = 0. What is the tens digit of g?
3
Let i(c) = 10*c - 3. Let h = -4 + 6. Suppose t - 3*k = k + h, 10 = 5*t + 5*k. What is the tens digit of i(t)?
1
Let j(f) = f**2 - 10*f - 14. Suppose 2*x = 2 + 4. Suppose 2*o - o - x*p = 0, -o + 28 = 4*p. What is the tens digit of j(o)?
1
Let p = -11 - -8. Let f be (-5 + 11)*32/p. Let j = f - -93. What is the units digit of j?
9
Let a = -199 + 321. What is the tens digit of a?
2
Suppose 3*l = -5*b + 7*l - 8, -4*l - 8 = -b. Let r(z) be the second derivative of z**4/12 + z**3/2 - 3*z**2/2 - z. What is the units digit of r(b)?
1
Let n(b) = b**3 + 12*b**2 - 3*b - 9. Suppose l - 4 = -1. Let m be -3 + -3 + -3 - l. What is the tens digit of n(m)?
2
Suppose u + 0*w + 5*w - 1080 = 0, 3*w = 5*u - 5316. What is the tens digit of u?
6
What is the units digit of (4/6)/((-14)/(-9219))?
9
Suppose 5 + 7 = 6*w. What is the units digit of 50/w + 3*5/15?
6
Let r be 196 + -1 - 21/7. Suppose 3*d + r = 4*g, d = 6*d. What is the tens digit of g?
4
Suppose 20 = 2*r + 138. Let i = -10 - r. What is the units digit of i?
9
Let g = -92 + 360. Suppose 3*a - 444 = 3*s, 872 - g = 4*a - s. What is the units digit of a?
2
Suppose u - 156 = -0*u - 4*n, -5*u + 2*n = -670. Let k = -70 + u. What is the units digit of k?
6
Let t be 924/(-7)*3/(-4). Suppose 5*x = 3*x + k + 101, t = 2*x - 3*k. What is the tens digit of x?
5
Let w(k) = -35 + k**2 - 7*k - 7 + 5*k. What is the hundreds digit of w(13)?
1
Let m(o) = 5*o**2 + 29*o - 26. What is the hundreds digit of m(-18)?
0
Suppose -4 = -x - 3*c, 14*c + 16 = 4*x + 16*c. Suppose 0 = -v + x*w - 1 - 2, 1 = w. What is the units digit of v?
1
Suppose 211*t + 32 = 209*t. Suppose -23 = k - j + 7, -5*j - 82 = 3*k. What is the tens digit of (k/(-4))/((-2)/t)?
5
Let s = 21 + -12. Let h be (s + -4)*4/5. Suppose -70 = -5*f - 3*q, -h*q = 3*f - 38 - 15. What is the tens digit of f?
1
Let t(q) = 5*q + 6. Let j be t(-3). Let p(w) = w**3 + 8*w**2 - 12*w - 9. Let l be p(j). Suppose -l = -8*r + 5*r. What is the units digit of r?
6
Let x = -336 + 922. What is the hundreds digit of x?
5
Let n = -503 + 359. Let q = -82 - n. What is the tens digit of q?
6
Suppose -396 = a - 5006. What is the tens digit of a?
1
Let p(k) = 20*k**2 + 26*k. What is 